3*t + 38*t - 120. Let w = 39 + t. Suppose w*x = 14*x + 33. What is the remainder when x is divided by 15?
3
Calculate the remainder when 1135 is divided by (-445)/(-534) + 6794/12.
1
Suppose -3*f - 2*f - 490 = -5*p, -3*f = -p + 100. What is the remainder when 672 is divided by p?
90
Suppose 0 = m + 5*r - 229, 0 = 2*m + m - 5*r - 747. What is the remainder when m is divided by 217?
27
Let w = 23448 + -23420. What is the remainder when 2208 is divided by w?
24
Suppose -11*i + 4448 = 642. Calculate the remainder when i is divided by 21.
10
Let t = 71 - 69. Let c be 1/5*-103 + t/(-5). Let n(z) = z**2 + 19*z + 7. What is the remainder when n(c) is divided by 18?
13
Let r = 87503 - 87370. Let k(j) = 3*j**2 + 2*j - 3. What is the remainder when r is divided by k(4)?
27
Suppose -886*g = -893*g + 98. What is the remainder when 811 is divided by g?
13
Suppose 0 = -4*n + 2*k + 398, -51*n + 4*k = -56*n + 504. Calculate the remainder when 4695 is divided by n.
95
Let v be 388*(-61)/(-16) + (-6)/(-8). Suppose 6*o = -4*o + v. What is the remainder when o is divided by 31?
24
Let a(p) = -p**3 - 116*p**2 + 238*p + 247. What is the remainder when 900 is divided by a(-118)?
9
Let b be (-5 - -3)*(-10)/40*10. Suppose 2*r + 3 - 9 = 0. Suppose -5*s = b*t - 65, 4*s + 9 = r*t - 2. Calculate the remainder when t is divided by 3.
0
Let y = 128 + -89. Calculate the remainder when y is divided by 21.
18
Suppose 5*l - 2*l + 5*d = 24, 0 = d. Let k be 6*l/12 - 6. What is the remainder when 53 is divided by k - (-21 + -3) - 4?
17
Let g(q) = q**2 - 2*q + 4. Let t be g(3). Suppose 4 = -r + t. Suppose 6*k = -5*v + 3*k + 34, 0 = -3*v - 3*k + 18. What is the remainder when v is divided by r?
2
Let y(j) = 4*j**2 - 111*j + 1431. What is the remainder when y(20) is divided by 130?
31
Let o = -298 + 302. Suppose -g - o = 5*r - 121, -3*r + 5*g = -59. What is the remainder when 88 is divided by r?
19
Suppose 20 = -4*m, a - 7*m - 263 = -2*m. Let j = -21399 - -21459. What is the remainder when a is divided by j?
58
Suppose -4457*u + 4473*u - 12640 = 0. What is the remainder when 800 is divided by u?
10
Suppose -5*q - 13 = -68. Suppose 8*f = 12*f + 8. Calculate the remainder when ((-186)/12)/(1/f) is divided by q.
9
Suppose 2358 - 1823 = -21*r + 8200. Calculate the remainder when r is divided by 174.
17
Let p(d) = -d - 31. Let c be p(-32). Suppose 0 = 2*t - 0*i - 4*i + 24, -10 = t - i. Calculate the remainder when (66/c)/((-12)/t) is divided by 13.
5
Suppose -h = -2*c - 909, -458 - 1340 = 4*c + 2*h. Let l = 645 + c. Calculate the remainder when l is divided by 34.
23
Suppose 60 = -3*m + 246. Suppose 318 = -2*v + 3*u + 8, 2*v + 5*u = -278. Let z = -136 - v. What is the remainder when m is divided by z?
10
Let i(c) = -634*c - 835. What is the remainder when i(-6) is divided by 66?
65
Let z(m) = -476*m - 87. Calculate the remainder when z(-1) is divided by 45.
29
Let t(y) = 25 - 9*y + 3*y - 2*y + y**2. Calculate the remainder when 53 is divided by t(7).
17
Suppose 52*f - 5167 - 3690 = 4091. Calculate the remainder when 810 is divided by f.
63
Let u = -10180 + 10187. Calculate the remainder when 3030 is divided by u.
6
Suppose 8*m = 11*m + 2*s - 239, 83 = m + 4*s. Suppose 4*p - m = 229. Calculate the remainder when p is divided by 13.
12
Let r(m) be the first derivative of -m**3/3 - m**2 + 37*m - 15. What is the remainder when 777 is divided by r(-6)?
10
Suppose 4*s - 37 = 11. Let x(c) be the second derivative of -2*c**3/3 - 15*c**2/2 - 2*c + 20. Calculate the remainder when x(-8) is divided by s.
5
Let d(t) = 25*t**2 - 2*t - 1. What is the remainder when (800/(-12))/((-474)/711) is divided by d(-1)?
22
Suppose 0 = -97*o + 103*o + 252. Let m = o + 58. Calculate the remainder when 153 is divided by m.
9
Suppose -6678*c + 6675*c + 312 = 0. What is the remainder when c is divided by 40?
24
Let x(g) = 8*g**2 - 3*g. Let n = 38 - -88. What is the remainder when n is divided by x(2)?
22
Let u(z) = z**2 + 15*z + 244. Calculate the remainder when u(-11) is divided by 193.
7
What is the remainder when 2638 is divided by 14 - -108 - (-4 + (-4 - -4))?
118
Suppose -f = -i + 140, 2*f - 285 + 985 = 5*i. Let t(k) = -10*k + 198. Calculate the remainder when i is divided by t(18).
14
Calculate the remainder when 1384 is divided by (1 + 21/6)*(42/(-9))/(-7).
1
Suppose 4*n - 242 = -19*t + 17*t, 0 = 5*t - n - 627. Suppose -5*m - 113 = -6*a + 4*a, -2*a - 3*m = -73. What is the remainder when t is divided by a?
37
Let p = -527 + 1104. Suppose 18*n - p = 323. What is the remainder when n is divided by 15?
5
Calculate the remainder when 3315 is divided by (-22)/(-10)*(18 + 1) - (-160)/800.
39
Suppose 2*u - 7 = -3*i + 38, -u + 3*i + 36 = 0. Suppose 14*q - 25*q = -1155. What is the remainder when q is divided by u?
24
Suppose 5*p - 4*h = 85 - 35, -4*p + 4*h + 36 = 0. Calculate the remainder when 107 is divided by p.
9
Let t = 12 - 7. Suppose 4*w + t = 105. What is the remainder when 106/(-1219) - 1129/(-23) is divided by w?
24
Suppose -1726 = -8*o + 1072 + 146. Let y(f) = 5*f**3 - 5*f**2 + 5*f + 6. Let v be y(5). Let t = v - o. Calculate the remainder when t is divided by 11.
9
Let i(x) = -43*x**2 - 353*x - 64. Let g = 29 + 42. What is the remainder when g is divided by i(-8)?
7
Let l = 6883 + -5611. Calculate the remainder when l is divided by 75.
72
Let w(s) = -140*s - 678. What is the remainder when 4705 is divided by w(-5)?
19
Let x(s) = s**2 + 815*s + 1628. Suppose u = -a + 2*u + 28, 0 = -a - 4*u + 8. Calculate the remainder when a is divided by x(-2).
0
Suppose 3*n = 3*o - 45, -3*o + 27 = -n - 10. What is the remainder when 24 is divided by (1 + 35)*7/308*o?
6
Let p = -41 + 46. Let q(w) = -w + p - 12 + 2 + 6. Calculate the remainder when q(-14) is divided by 11.
4
Let f(v) = v**3 - 7*v - 175 - 2*v**2 - 13*v + 135 - 8*v**2. What is the remainder when 21 is divided by f(12)?
5
Let w(c) be the first derivative of 5*c**2 + 8*c + 23. Let i(u) = u + 1. Let x(z) = 12*i(z) - w(z). What is the remainder when 68 is divided by x(7)?
14
Let l(u) = -6*u**2 + 222*u + 50. Calculate the remainder when 128 is divided by l(37).
28
Suppose -5*u = 4*o - 392, -o - 3*o - 2*u = -392. Calculate the remainder when 303 is divided by o.
9
Let t(p) = -2*p**3 - 9*p**2 - 5. Let j be t(-5). What is the remainder when j + -26 - (-1 + 2 + -155) is divided by 42?
22
Let k = -160 + 163. Let g(q) = 2*q. Let f be g(-3). Calculate the remainder when ((-504)/8)/((f/(-4))/(-1)) is divided by k.
0
What is the remainder when -3 - 9 - 2 - -1456 is divided by 473?
23
Let j(f) = 5*f**3 - f**2 - 7*f + 8. Let u be j(3). Let d = u + -7. Calculate the remainder when d is divided by 22.
18
Let r(d) = 8*d**2 - 26*d - 54. Let m(v) = 6*v**2 + 2*v - 7. Let x be m(-6). Let w = -79 + x. What is the remainder when w is divided by r(-2)?
28
Let u(x) = -113*x + 146. Suppose 8 + 10 = 2*h. What is the remainder when u(1) is divided by h?
6
Let a(p) = 2*p**2 - 169*p + 1096. Calculate the remainder when 2078 is divided by a(7).
10
Suppose 62*a = 58*a + 52. Let w(u) = 10*u. Let i be 2/4*(1 + 9). What is the remainder when w(i) is divided by a?
11
Let g(y) = 93*y + 27. Let n be g(4). Calculate the remainder when 117 is divided by (-3)/5 - (-1 - n/15).
9
Let l = 124 - 219. Let n = l + 139. Let i = 844 + -828. Calculate the remainder when n is divided by i.
12
Let m(g) = -g**2 - 11*g + 12. Let f be m(-12). Suppose 10*n + 7*n - 51 = f. Calculate the remainder when 12 is divided by n.
0
Let p(d) = 3*d + 1. Let q be p(-2). Let c = q - -15. Calculate the remainder when (7/2 - 4) + 19*3475/950 is divided by c.
9
Let l = 98 + -160. Let r = 253 - 166. Let z = l + r. Calculate the remainder when 122 is divided by z.
22
Let h be (46 - 44) + (0 - 0). Let q(f) = 14*f**3 + 2*f**2 + 14*f - 28. Calculate the remainder when 230 is divided by q(h).
110
Suppose 73*g - 10*g - 1404 = 37*g. Calculate the remainder when g is divided by 51.
3
Let j = 1 - -417. Suppose 338 = -2*z + j. What is the remainder when z is divided by 2/3 - (-122)/6?
19
Suppose -8*f + 3*f = -1130. Calculate the remainder when f is divided by (4/6)/(11 - 1956/180) - -7.
10
Let o(m) = 28*m**3. Let c(l) = l**2 + 5*l + 5. Let n be c(-3). Let t be o(n). Let q = 5 - t. What is the remainder when 164 is divided by q?
32
Suppose 